i be (-56)/r + (-18)/117. Suppose -g = 3, 2*x - 7*g - 27 = -i*g. List the prime factors of x.
2, 3
Suppose 5*t - 9839 = 3*k, -4*t + 7866 = -0*t - 5*k. What are the prime factors of t?
11, 179
Suppose 0 = q - 5*h - 1813, -2*q + 5*h = -5577 + 1941. List the prime factors of q.
1823
Let m(w) = -10*w + 122. Let q be m(14). Suppose -3*z + 152 = z. Let c = q + z. List the prime factors of c.
2, 5
Let p be ((-50)/(-3))/((-8)/(-60)). Suppose 2*m - 6*m = 3*r - 500, -4*r = -m + p. What are the prime factors of m?
5
Let q be ((-45)/20)/(1/(-28)). Let t = -41 + q. List the prime factors of t.
2, 11
Suppose 0 = 4*k + 4*r - 17 - 3, 4*r = 4. Let h = 777 + -770. Let p = k + h. List the prime factors of p.
11
Let g = -327 + 1222. List the prime factors of g.
5, 179
Suppose -240 = 48*u - 43*u. Suppose -132 = 4*f - 444. Let t = u + f. List the prime factors of t.
2, 3, 5
Suppose -5*o - 4*p + 14028 - 5562 = 0, 4*p = o - 1698. List the prime factors of o.
2, 7, 11
Let t(w) = 10*w + 1. Suppose -z - u - 1 = u, -2*z - 5*u = 4. What are the prime factors of t(z)?
31
Let c(k) = k**3 - 5*k**2 + 6*k - 4. Let x be c(4). Let f be 121/4 - 1/x. Suppose 2*z + z - 14 = -a, f = a - z. What are the prime factors of a?
2, 13
Let b(d) = 5729*d + 146. What are the prime factors of b(1)?
5, 47
List the prime factors of -5 - (-13)/39*7269.
2, 3, 13, 31
Suppose -130*j - 18162 = -148*j. What are the prime factors of j?
1009
Let i(h) = 79*h**3 - 3*h**2 + h - 1. Let l(j) = -159*j**3 + 7*j**2 - 2*j + 3. Let g(v) = -5*i(v) - 2*l(v). List the prime factors of g(-1).
2, 3, 13
Suppose 0 = -3*o + 2*a - 380, -2*a - 8 = 2*a. Let b = -71 - o. List the prime factors of b.
3, 19
Let q(b) = 3*b + 4*b**2 - 1 + 2*b**2 - b**2 + 2*b**2. List the prime factors of q(-3).
53
What are the prime factors of 7 + 827 + (8 - 11)?
3, 277
List the prime factors of (4/(64/(-15464)))/((-1)/4).
2, 1933
Let l(h) = h**2 - 12*h + 4. Let j be l(12). What are the prime factors of 395/j - ((-15)/(-20))/(-3)?
3, 11
Let d = 6 + 2. Let p be 544/30 - d/60. Suppose -p = -o + 36. What are the prime factors of o?
2, 3
Let u = -8 + 8. Suppose u = y + 17 - 43. List the prime factors of 100/y - 4/(-26).
2
Let z be (2/1)/1 - (3 - 3). Suppose -x + 100 = z*f, f - 3*x - 2*x = 72. List the prime factors of f.
2, 13
Let r(w) = 4*w**3 + 8*w**2 + 10*w - 26. What are the prime factors of r(4)?
2, 199
Suppose 30 = 3*n + 3*b, 4*b - 3*b + 3 = 0. Suppose -53*c = -58*c + 20. What are the prime factors of (n - -1)/(c/10)?
5, 7
Suppose 13*d - 3 = 10*d. Let i = d + 68. List the prime factors of i.
3, 23
Let l = 699 + -249. What are the prime factors of l?
2, 3, 5
Suppose j = 5*j + 3*k - 72, -4*k + 16 = 0. Let l = j - 26. Let q(a) = -a**3 - 12*a**2 - 14*a + 10. What are the prime factors of q(l)?
43
What are the prime factors of -2 - 1740/(-11 + 6)?
2, 173
Let n(u) = 3*u**3 + u**2 + 6*u + 428. List the prime factors of n(0).
2, 107
Suppose w = -g + 11, 2*g + 5 + 3 = 4*w. List the prime factors of ((-4)/g)/(6/(-117)).
13
Suppose 0 = 9*j - 7*j. Suppose 5*l - 8*l + 90 = j. What are the prime factors of l?
2, 3, 5
Let q(g) = 4 + g**3 - 3*g**2 + 3*g - 7 + 4*g**2 + 6*g**2. Let z be q(-6). Let u = z + 9. What are the prime factors of u?
2, 3
Suppose 0 = q - 6 + 7, 3*q + 8214 = 3*d. List the prime factors of d.
7, 17, 23
Let y(m) = m**2 - 14*m + 2. Let d be y(14). Suppose 1404 = 5*g - 3*t, -3*t = d - 8. Suppose 2*w - 5*k = 130, -4*w = -3*k + 4*k - g. List the prime factors of w.
2, 5, 7
Let n(z) = -z - 4. Let l be n(4). Let f be (-4)/l - (-14)/4. What are the prime factors of (0 - 8/f) + 19?
17
What are the prime factors of (8 - (-5 + 80)/5)*-602?
2, 7, 43
Suppose -2*o + 37 - 23 = 0. Suppose o*l - 530 = 485. List the prime factors of l.
5, 29
Let d = 3756 + -1530. What are the prime factors of d?
2, 3, 7, 53
Let y = -17 - -44. Suppose y = 16*f - 15*f. Let m = f + 1. List the prime factors of m.
2, 7
List the prime factors of 12*(-2)/(-4) + 199.
5, 41
Let c be -1*4/8*-2. Suppose 2*v - c = -b, 0 = b - 3*v - v - 13. Suppose -b*n - 2*a = -22, -4*n = -3*n - 4*a - 22. List the prime factors of n.
2, 3
Suppose -n = 2*f - 2777, -3*f - n + 6*n = -4133. What are the prime factors of f?
2, 3, 7, 11
Suppose 23*x - 13750 = 13*x. List the prime factors of x.
5, 11
Let g(t) = -t**3 - 5*t**2 - 35*t - 8. What are the prime factors of g(-6)?
2, 7, 17
Let g(q) = -43*q + 62. What are the prime factors of g(-16)?
2, 3, 5
Let m(h) = -h**2 + 7*h - 12. Let u be m(5). Let g be 5 + (u - 1) - -1. Suppose -f - 12 = -2*s - g*f, 0 = 2*f + 2. What are the prime factors of s?
7
Suppose -7*q + 0*q + 399 = 0. List the prime factors of q.
3, 19
Let m(l) be the first derivative of -11*l**2 + 16*l + 25. List the prime factors of m(-8).
2, 3
Suppose -2*t + 2*f + 594 = 0, 14*t - 3*f - 1183 = 10*t. List the prime factors of t.
2, 73
Let j = 123 + -85. Suppose -s = -j - 5. What are the prime factors of s?
43
Let p(d) = 13*d + 8. Let y be p(-6). Let q = 169 + y. What are the prime factors of q?
3, 11
Suppose 196 = -31*i + 32*i. List the prime factors of i.
2, 7
Suppose 0*i + 3*p - 13611 = 3*i, 0 = 4*p - 4. List the prime factors of -2 + i/(-20) - (-1)/5.
3, 5
Suppose 5*b - 27 = 3*t + 2*b, -3*t - 21 = 3*b. What are the prime factors of 84/8 + 1*(-4)/t?
11
Suppose 2*k + 3*v = 4301, -35*k = -36*k - 5*v + 2147. What are the prime factors of k?
2, 269
Let l = -566 + 331. Let q = l - -340. List the prime factors of q.
3, 5, 7
Let x = 51 - 97. Let d = x - -52. What are the prime factors of d?
2, 3
Let r be (-18)/30 - 26/(-10). Suppose -r*b + 7 = 1. Suppose b*l + 2*l - 80 = 0. What are the prime factors of l?
2
Suppose 5*z = -0 + 75. Let n = z + -9. Let j = 11 - n. List the prime factors of j.
5
What are the prime factors of 1523 + ((-10)/(-4))/((-14)/28)?
2, 3, 11, 23
Suppose -3*r = -s + 2 - 4, s + 6 = -r. What are the prime factors of s/(-15) + 368/12?
31
Suppose -5*l = -9*l - 840. Let c be ((-4)/10)/(14/l). What are the prime factors of (-138)/(-5) + c/15?
2, 7
Suppose 4*z - 268 = -3*t + 7429, -2*z - t + 3851 = 0. What are the prime factors of z?
2, 241
Let d(a) = 5*a**2 - 53*a - 51. List the prime factors of d(21).
3, 347
Let w(l) be the third derivative of l**4/24 - 2*l**3/3 + 7*l**2. Let y be w(8). Suppose -3*s = 5*d - 91, -y*d - 22 = -s - 3. What are the prime factors of s?
3
Let d = 7 + -3. Let s = d - 10. Let l(n) = n**2 + 6*n + 5. List the prime factors of l(s).
5
Suppose 0 = -o + 6*o + 70. Let i = 19 + o. Let w(n) = n**2 - 3*n. List the prime factors of w(i).
2, 5
Let l(b) = b**3 + 18*b**2 - b + 21. List the prime factors of l(-14).
3, 7, 13
Suppose -4*m = -0*c + 2*c, 4 = -4*m. Suppose -5*k = -2*t - 8*k + 90, -c*t = -k - 90. What are the prime factors of t?
3, 5
Suppose -20*s = -38*s + 13122. List the prime factors of s.
3
Let s(m) = m**3 + 5*m**2 - 7*m - 17. Let h be s(-5). List the prime factors of 4004/693 + -1 + 22/h.
2, 3
Let l be (-6)/27 - (-2)/9. List the prime factors of -42*1/((1 - l) + -2).
2, 3, 7
Suppose 2*o + u = 2614, 3*o - 18*u + 13*u = 3947. What are the prime factors of o?
7, 11, 17
List the prime factors of ((-10 + 19)/3)/((-4)/(-6284)).
3, 1571
Let x = 977 + -145. List the prime factors of x.
2, 13
Suppose -15*r - 2*a = -10*r - 2358, 2*r + 5*a = 960. What are the prime factors of r?
2, 5, 47
Let q be (2 - 3)/(2/(-26)). Suppose 0 = -4*d + 1 - q. What are the prime factors of (-75)/d*(-2)/(-2)?
5
Let b(w) = 3*w + 7. Let c be b(-7). Let x = c - -17. Suppose -x*k - i = -2*i - 44, 0 = -3*k + 5*i + 64. What are the prime factors of k?
13
Let z = -2607 + 5247. What are the prime factors of z?
2, 3, 5, 11
Suppose 0 = -4*j + 2*t - 3 + 13, -3*j = 5*t - 40. Let c = 3 + j. Suppose -5*z - c*f = -4*f + 5, z - 2*f = 13. List the prime factors of z.
3
Let p(x) = -1769*x**3 + x**2 + 8*x + 6. List the prime factors of p(-1).
2, 13, 17
Let m = -588 - -1257. What are the prime factors of m?
3, 223
List the prime factors of ((-219)/(0 - -3))/(11 + -12).
73
Suppose -j = 2*h - 228, -2*h - 80 - 376 = -2*j. What are the prime factors of j?
2, 3, 19
Let b be 6/(-3) - (-250 + 8). Suppose o = -5*r + 17 + 55, 4*o - b = 4*r. What are the prime factors of o?
2, 31
Let s(v) = 87*v**2. Let m be s(-1). Suppose -w - m = 33. List the prime factors of w/25*60/(-9).
2
Suppose 7*r - 2*r - 20 = 0. Suppose 2*q - 